-1 - -1)?
4
Evaluate 5 - 1 - (-5 + 9) - 1.
-1
What is the value of (-7 - 0) + (-17 - (-10 - 9))?
-5
-6 - -1 - (1 + -1)
-5
Calculate 1 + (-1 + 4 - (0 - -9)).
-5
Calculate -7 - (0 + -2 + -2).
-3
Evaluate 0 + -1 + (1 - 0).
0
What is (4 - -6 - 17) + -4 + 20?
9
Calculate 2 - 5 - (16 + -25).
6
Evaluate (8 - 12) + -6 + 14.
4
Evaluate -10 - (-8 + 3) - -4.
-1
4 + -6 + -6 - -4 - -4
0
What is (6 - 11 - -2) + 4 + -1?
0
-6 + 7 + 11 - 7
5
(11 - 5 - (-2 - -8)) + 0
0
4 - (1 + -5 - (20 + -25))
3
What is the value of 125 + -126 + -5 + (2 - 1)?
-5
What is the value of -3 + (-5 - -9) + -3 + 1?
-1
Calculate -8 + 2 + -1 - -9.
2
0 - 2 - (-1 - 3)
2
Calculate (-39 - -29) + (-2 - (-2 - 6)).
-4
What is 3 - (-2 + -1 + 4)?
2
(-3 - -1 - -5) + (9 - 17)
-5
What is (0 - -4) + -9 + 3?
-2
(-1 - 6) + 9 + 2 + 0
4
What is the value of 0 + (-4 - (5 - 3)) + 1?
-5
What is 52 + -46 + 3 + -3?
6
What is the value of -3 + 2 - (0 + -4)?
3
What is the value of 3 + (7 - 16) - -6?
0
What is the value of 2 + -1 - (-3 + 1 + 0)?
3
What is -9 - (-6 - 5 - 3)?
5
Calculate 0 - (0 - -6) - -4.
-2
8 + (-7 - ((-5 - 1) + 8))
-1
(5 - -1) + -7 - 3
-4
(5 + (-5 - -5) - 4) + -2
-1
Evaluate (8 - 1) + (-34 - -27).
0
Calculate -2 + -1 - (-3 + 0).
0
What is (-4 - 0) + -1 - (24 + -32)?
3
(-20 - (-16 + -5)) + (0 - -4)
5
Calculate (-1 - 0 - (8 - 7)) + 3.
1
What is the value of 18 + -20 + (0 - -2)?
0
-5 - -3 - -8 - (-3 - -3)
6
Evaluate -15 + (1 - -6) - -3.
-5
What is 11 - (-3 - -26 - 11)?
-1
What is the value of -10 + -7 + 12 + 0 + 1?
-4
What is -2 - (-3 - -6 - 3) - -5?
3
5 + (-1 - 4) + 0
0
What is the value of -1 - (-5 + 3 + -1 + 8)?
-6
Evaluate (11 - (5 - 7)) + -6.
7
Calculate 5 - (-10 + (12 - 2)).
5
Evaluate 0 + -18 - (10 + -19).
-9
What is the value of 7 + -7 + (0 - (-2 + -2))?
4
Evaluate (0 - 12) + 6 - (-1 - 5).
0
What is the value of -1 - (7 + -3) - (-12 - 0)?
7
(1 - 3) + (0 - 2)
-4
Calculate -3 - 4 - (-16 + 4).
5
What is the value of -8 + 1 - (-3 - 9 - -9)?
-4
-3 - (5 + (-2 - 2))
-4
What is 11 + -12 + (-17 - -12)?
-6
What is 11 - (5 + -1 + 5)?
2
Calculate (26 - 19) + (-3 - 7 - 2).
-5
(8 + -17 - -4) + 9
4
What is the value of 0 + -4 - (-156 + 157)?
-5
Evaluate 3 - ((-2 - (-2 + 3)) + 4).
2
What is the value of (2 - 3 - 6) + (-1 - -12)?
4
Evaluate (7 - (5 + -8 + 3)) + -8.
-1
Calculate (-2 - 0) + 26 + -32.
-8
What is the value of -1 + (10 - 5) - 9?
-5
Calculate 2 + 2 + -8 + 3.
-1
Evaluate -15 - (0 + -6) - -11.
2
2 + -1 + 2 + -5
-2
5 + -10 + 8 + -5
-2
What is the value of (2 + 1 + 1 - 6) + -2?
-4
What is the value of 1 + (1 - 4 - -2 - -2)?
2
What is the value of (-5 + -1 - -4) + -1?
-3
Calculate (-12 - -1) + (-1 - 7 - -14).
-5
What is the value of 1 - 8 - -13 - 10?
-4
What is the value of -1 + 0 + (-7 - -7)?
-1
Calculate (-8 - -4) + 6 - (-4 + 1).
5
Calculate (-6 - -12) + (-2 - 7).
-3
What is the value of 23 + -9 - 14 - (1 - -1)?
-2
What is (1 - 4) + 9 - (-2 + 5)?
3
Evaluate (-7 - (-2 + -6)) + -1.
0
Calculate 1 - (1 + 5 - 2).
-3
What is the value of (4 + -2 - (-1 - -1)) + -1?
1
Calculate 8 - ((-7 - -9) + (0 - 0)).
6
Calculate 13 + -9 + 4 + -4.
4
Calculate (1 - 1 - 5) + 0.
-5
Calculate 99 + -107 + (4 - -1).
-3
-5 + 5 + -2 + -1
-3
What is the value of (-15 - (-3 - 3)) + 14?
5
Evaluate (-9 - 0) + 5 + 3.
-1
Calculate -21 + 26 - (3 - (0 + -2)).
0
Evaluate 5 - (-5 + 7 + (9 - 4)).
-2
What is the value of 1 - (0 + -1 + -6 + 0)?
8
Evaluate -10 - (-4 + 4 + -1 + -5).
-4
What is the value of 0 - (-10 + 3 + 2)?
5
Calculate (-15 - -3 - -7) + 3.
-2
Calculate 0 - ((8 - 5) + -8).
5
6 - ((0 - -7) + -1 + -1)
1
What is the value of 1 + 2 + (0 - 4)?
-1
Evaluate 8 - (11 + (-6 - 0)).
3
-9 - (-16 + 9 + -2)
0
0 + -5 + 0 - -8
3
Calculate (1 - -2) + -1 + 5 + -5.
2
Evaluate -6 + 4 + (20 - 13).
5
What is the value of -12 + (8 - -2 - 4)?
-6
What is the value of -9 + 15 - (-15 - -17)?
4
Evaluate -1 + 2 + -2 + 5 + -6.
-2
What is (4 + 8 - 8) + -10 - 3?
-9
Evaluate 0 + (-1 - 1 - -6) - 2.
2
What is 1 - (-11 + -2 + 6 - -6)?
2
Evaluate (-3 - -3) + -4 - -3.
-1
Calculate 0 + 0 - (-1 + 0) - 6.
-5
Evaluate -1 + (-2 - -1 - -4) - 1.
1
What is 3 - (14 + (-14 - -13))?
-10
-7 - (2 + -2 + -4)
-3
-2 - (0 + 5) - -2
-5
Evaluate 1 - 2 - (1 - (1 - 1)).
-2
Evaluate 5 - -1 - (-74 - -77).
3
Calculate 18 + -14 + 0 + 0.
4
Evaluate 13 - (24 + -10) - 3.
-4
What is the value of (4 - (12 - 19)) + -4 + -1?
6
Evaluate 11 - (-4 + -4 - -22).
-3
Evaluate 5 - (-1 + (-3 - (-10 - -2))).
1
1 - 0 - (-34 + 39)
-4
Evaluate 52 - 47 - (-3 + (1 - 1)).
8
What is 3 - ((1 - 5) + 2)?
5
What is -6 + (-5 + 16 - 2)?
3
What is the value of 5 - ((-6 - -4) + 2)?
5
(2 - 1) + (-3 - -4)
2
What is 2 + -10 - (6 + (-3 - 2))?
-9
What is (-11 - (-1 + -7)) + 1?
-2
What is the value of -2 + 11 - (-5 + (6 - -3))?
5
What is the value of 3 + (-3 - 2) - -5 - 0?
3
What is -4 - (4 + -9 - -7)?
-6
What is -4 + 3 + -7 + 6?
-2
Calculate -12 - (-10 - (8 - 13)).
-7
What is 6 + -6 + -1 + 8 + -2?
5
What is 3 - (2 + 0 + -12 + 8)?
5
6 + -8 - (4 - 1)
-5
Evaluate -14 + 6 + 3 + 1.
-4
Calculate 4 + -15 + 7 + 1 + 0.
-3
8 - (-3 - -21) - -5
-5
1 - 4 - (-7 - 0)
4
Calculate -5 - (-15 - (-7 + 4 + 2)).
9
-13 + 0 + 3 + (58 - 58)
-10
3 + -4 + 1 + 8
8
Calculate -68 + 53 - (2 - 20).
3
Evaluate (-3 - 1) + -1 - -2.
-3
Calculate -21 + 23 - (3 + 0).
-1
Calculate (-1 - -1 - -1 - -4) + -5.
0
Calculate 5 - (1 - (-11 - -5)).
-2
What is the value of (-72 - -72) + (1 - 8)?
-7
What is -6 + -3 + (3 - -1) + 6?
1
What is the value of -8 - (-7 + (14 - 18))?
3
Calculate 1 + (7 + -10 - (0 - -1)).
-3
0 + (-3 - -4) - 2
-1
What is the value of 6 - (0 + 15) - -5?
-4
Evaluate 8 + 1 + -10 + (-2 - -7).
4
-4 + 3 + (1 - 0)
0
What is (0 - 3 - -3) + -1 + 6?
5
Evaluate -1 + (3 - (-5 - -5)) + 4.
6
What is -5 + 3 + 17 - 8?
7
What is 1 + -6 - (-7 - (-1 + -4))?
-3
Evaluate -1 - -4 - 8 - -6.
1
Calculate 7 + 2 + 24 + -25.
8
Calculate 5 - (7 - (-10 - -9)).
-3
What is -2 - (-3 + 1 + -2)?
2
Calculate -4 + 2 + (-7 - -5).
-4
What is the value of (2 - 0) + -12 - -7?
-3
What is -1 + 11 - (-12 - -18)?
4
What is the value of 1 - (2 + 0 - 7)?
6
Evaluate -11 + 9 + 0 + 0 - 0.
-2
Calculate (3 - (10 - 10)) + 5.
8
Calculate 1 + 0 + (4 - (-4 - 1)).
10
What is -9 + 2 - (15 + -20)?
-2
What is the value of 1 - (-5 - (4 - 7 - 0))?
3
Calculate 3 + (-2 + 1 - (0 + 7)).
-5
Calculate -1 + (4 - (-2 + 4)).
1
What is -14 + 9 + (-9 - -18)?
4
What is the value of -14 + 7 + 13 + -1 + -13?
-8
-1 + 6 + -9 + 2 + 2
0
(4 - 13) + (2 - -4)
-3
Calculate (12 - 12) + (0 - 1).
-1
What is -7 - (15 - 6 - 12)?
-4
Calculate (-5 - -9) + (1 - (-3 - -6)).
2
Calculate (-5 - (-3 - -2) - -3) + 9.
8
What is 6 + (-5 + -4 - -2)?
-1
What is the value of -8 - (-1 - (7 - 5))?
-5
What is the value of -10 + (-3 - 1 - -14 - 6)?
-6
What is -3 - 21 - -8 - -11?
-5
What is the value of -1 + 0 + 3 - -2?
4
What is -2 + -2 - (-1 - 3)?
0
Evaluate 5 - 2 - (12 - 4).
-5
Calculate -5 - (4 - 4) - -3.
-2
30 + -22 - (1 - -12)
-5
Evaluate -12 + (1 - -5) + 4 - 0.
-2
(-3 - (-7 + 2)) + (-3 - -3)
2
What is -5 - (-6 + (2 - 3))?
2
Calculate -6 + (-3 + -2 - -8).
-3
Evaluate (1 - -8) + -17 + (7 - 1).
-2
Calculate 1 - 0 - (24 - 22).
-1
What is the value of 0 + -5 - (-19 + (5 - -2))?
7
What is the value of (1 - 7) + 1 - (-35 - -30)?
0
What is -6 + (-3 - (-8 + -2) - 3)?
-2
Evaluate -5 - -11 - (-1 + 13).
-6
2 - 2 - (0 - -4)
-4
What is the value of -3 + 6 + 0 + 3 + -3?
3
Evaluate 4 + (-2 - (-2 + 4)).
0
7 + 4 + -1 + -5 - 1
4
What is -1 + 7 + -77 + 77?
6
What is -4 + 0 + (15 - 16)?
-5
Calculate 3 - (1 + 6 + -7 - 4).
7
What is -3 - (-3 + -4 + 7)?
-3
What is the value of -2 - -3 - (-3 + 0)?
4
-9 + 10 + 0 + -2 + 0
-1
What is the value of -4 - (11 + -7 - 7)?
-1
Evaluate (-1 + 2 - -1) + 23 + -22.
3
What is the value of -3 + (5 - 2) + -1 + -3?
-4
Evaluate (3 - (-4 + 6)) + 2.
3
What is the value of 40 + -34 + -5 + -1?
0
What is the value of 5 + (3 - (-5 - -11))?
2
What is the value of 5 + 7 + -1 + 2 + -6?
7
Calculate -1 + 2 + -2 + -1 + 5.
3
10 + -2 - (27 + -10)
-9
What is the value of (-4 - 0) + 3 - (18 - 14)?
-5
-3 + -8 + (4 + -7 - -7)
-7
What is the value of 2 + -1 - (1 + -7 + 4)?
3
Evaluate 1 + 1 + (1 - 2).
1
Calculate (-4 - -2) + 0 + 25 + -26.
-3
4 + 9 - (22 - 0)
-9
-11 + 6 + (-1 - 3) + 3
-6
Evaluate -40 + 44 + 2 + (0 - 8).
-2
-5 + -5 + 3 + 8
1
Evaluate (-7 - -21) + -3 + -5.
6
(-11 - -10) + 7 + (4 - 1)
9
What is the value of (-7 + 6 - 7) + 3?
-5
2 + (4 + -6 - 4)